 = h**2 - 7*h + 4. Let t = -20 - -23. Give a(t).
-8
Let c(k) = -335*k - k**2 + 19 + 655*k - 331*k. Calculate c(-13).
-7
Let r(d) be the second derivative of -d**5/10 - d**4/6 + d**3/6 + 2*d**2 - 2*d - 252. Give r(-2).
10
Suppose -3*j + 23 = -4*d, -3*d = -5*d + 4*j - 24. Let n(q) be the second derivative of -q**4/6 + q**3/2 + q**2/2 + 424*q. What is n(d)?
-13
Let y(o) = 3*o - 12 + 5*o - 3*o + 33. Determine y(-6).
-9
Let p(g) = -g**3 - 7*g**2 - 6*g - 4. Let q be 2/(-7) + 185/35. Suppose q*t + 7 + 23 = 0. Give p(t).
-4
Let d(k) = 1762 - 1761 + 2*k - k. Calculate d(5).
6
Let f(c) = c**2 + 6*c + 6. Let l be 1012/483 + (-2)/21. Let v = 1 - -12. Suppose -5*w + l*w - 23 = 4*s, 3*s = 2*w - v. Determine f(s).
1
Suppose -2*i = -s - 0 - 8, 0 = 5*s - 2*i. Suppose 0 = -s*p - 2*p - 24. Let d(h) be the first derivative of h**3/3 + 7*h**2/2 + 5*h + 71. What is d(p)?
-1
Let x(y) = -2*y - 2*y**2 + y**2 + 3*y**2 - 3. Let q be x(-1). Let b(k) = 10*k**2 + k. What is b(q)?
11
Let k(z) be the third derivative of z**6/360 + z**5/60 - z**4/8 + 5*z**3/6 - 7*z**2. Let y(i) be the first derivative of k(i). Calculate y(-5).
12
Let h be (5 + 45/(-27))*3. Let f(d) = -5*d + 44. Determine f(h).
-6
Let l(u) be the second derivative of -u**4/12 - 2*u**3 + 4*u**2 + 2*u - 75. Give l(-11).
19
Let g(v) = 2*v**3 - 2. Let j be 45/(-144)*-8 + (-2)/4. What is g(j)?
14
Let a(o) be the first derivative of -o**5/20 + o**4/2 - o**3/2 - 3*o**2 + 17*o + 30. Let s(k) be the first derivative of a(k). Determine s(5).
4
Let r(n) = 6*n + 2. Let o be r(1). Let q(h) = -6*h + 0*h - 2 + o*h**2 - 7*h**2. Let d be (1/(-3))/(1/(-9)). Determine q(d).
-11
Let g(f) = -f**2 + 13*f + 14. Let d = -9 + 21. Determine g(d).
26
Let n(r) = 5*r**3 + 40*r**2 - 23*r - 24. Let k(d) = -d**3 - 10*d**2 + 6*d + 6. Let v = -112 - -121. Let h(m) = v*k(m) + 2*n(m). What is h(9)?
-3
Let p(d) = -9*d**3 - 19*d + 5*d + 10*d**3 - d - 16*d**2 - 22. Give p(17).
12
Let k(d) = -d + 2. Let t be k(-5). Let p(y) = 1 + 2*y - t*y + 16*y. What is p(-1)?
-10
Let j be 35/10*80/56. Let v(d) be the first derivative of -14 + 5/2*d**2 + 1/3*d**3 + j*d. Determine v(-5).
5
Let h(a) = -a**3 - 2*a**2 + 1. Suppose 1 = -3*z + 4*s, -5*z - s = -0 - 29. Let v be (-4 - -5) + (1 - (-1 + z)). Give h(v).
1
Let o(q) = q + 5. Let s be -5 + 12/16*4. Let m be (-42)/(-8) - s/(-8). Suppose -w - 6*f + 5*f + 2 = 0, -m*w + 4*f + 28 = 0. Give o(w).
9
Let f(j) = -7*j**2 - 3 - j + 2*j + 4. Suppose 0 = -5*g - 3*n + 10 + 34, 2*n + 44 = 4*g. Let i(x) = -x**3 + 9*x**2 + 9*x + 9. Let y be i(g). Give f(y).
-7
Let r(x) = -5*x**3 + 24*x**2 + 5*x + 4. Let n(q) = -q**3 + 6*q**2 + q + 1. Let j(b) = -9*n(b) + 2*r(b). What is j(-6)?
-7
Suppose 5*k = l + 6, -3*k + 4 = -2*l - 1. Let s(n) be the third derivative of n**6/24 + n**2. What is s(k)?
5
Let p(g) = 11*g**3 + 5*g**2 + 6*g - 7. Let z(s) = 2*s**3 + s. Let y(o) = p(o) - 5*z(o). What is y(-5)?
-12
Let g(h) = -h**2 - 7*h - 1. Suppose -4*l = -0*n + 2*n - 760, -2*n + 4*l = -744. Let p be 4/28 + n/14. Let j be 1/(-4) - p/4. Calculate g(j).
-1
Suppose -4*f = -5*u + 12, 0*f - 2*u = -f. Let r be ((-3)/2)/(4/f). Let d(n) = -n + 1. Determine d(r).
-2
Let i(n) = n**2 - 5*n - 12. Suppose -5*w + 50 = -5*u, -12*u = -4*w - 9*u + 39. Give i(w).
24
Let i(f) = -f**3 - f**2 - f + 2. Let s be i(0). Let g(y) = 1 + 9*y - s*y + 0 - 2*y. What is g(-1)?
-4
Let r(z) = -4*z**3 + 6*z**2 + 8*z + 10. Let n(w) = w**3 - w**2 - w - 1. Let h(c) = -6*n(c) - r(c). Give h(-2).
16
Suppose -2*z - z + 27 = 2*u, -3*z - 3*u + 27 = 0. Let h be ((-3)/z)/(3/9). Let r(i) = -7*i - 7. Let a(o) = 3*o + 3. Let t(q) = -9*a(q) - 4*r(q). Calculate t(h).
0
Let n(q) = q + 6. Suppose f - 4 = 1, 70 = 5*l + 4*f. Suppose -4*x = 2*b + l + 24, -3*b - 33 = 4*x. What is n(x)?
-3
Let q = -726 + 730. Let t(m) be the second derivative of 0 - 7/6*m**3 - 2*m**2 - 1/12*m**q + m. What is t(-5)?
6
Let u(r) = -2*r - 13. Let t be u(-8). Let l be t/3*-1*-2. Let g(s) = 2 - l*s - 5 + 5*s. Give g(4).
9
Let l(f) be the first derivative of -f**5/60 + f**4/24 - 8*f**3/3 - f**2/2 - 15. Let g(w) be the second derivative of l(w). What is g(0)?
-16
Let n(i) be the first derivative of -i**3/3 + 5*i**2/2 - 2*i - 2. Let p be n(4). Let y(w) = w**p - 9*w + 2*w - 9 + 13*w. What is y(-7)?
-2
Let y(c) = -5*c**3 + 12*c**2 - 7*c + 1. Let h be y(2). Let d(b) = -b**3 - 7*b**2 - 3*b - 1. What is d(h)?
-36
Let k be 2 + (3 - (0 - -2)). Let n = k + -7. Let z(q) = 2*q**2 + 13*q + 11. Let x(w) = -w**2 - 7*w - 6. Let l(y) = 5*x(y) + 3*z(y). What is l(n)?
3
Let m(l) be the second derivative of l**5/20 + 5*l**4/6 + l**3/6 + 7*l**2 + 424*l. Calculate m(-10).
4
Let v(q) = -q**2 + 11*q - 10. Let k be 2/12 + (-235)/(-30). Calculate v(k).
14
Let q = -21 + 24. Let z(a) = 7*a**3 - 5*a - 6*a**q - 3 - 5*a**2 + 4*a. Let h = 13 + -8. Determine z(h).
-8
Let v(c) = 11*c**2 - 2*c + 1. Let w be (0 + (-147)/6)*-2. Let k = w - 48. Give v(k).
10
Let o(h) = h - 7. Let a(n) = -2*n - n - n**2 - 2 + 9*n. Let d be a(4). Determine o(d).
-1
Let b(t) = -4596*t + 2*t**3 - 3*t**3 + 5*t**2 - 3 + 2*t**3 + 4595*t. Let c be 0/2 - (-5)/(-1). Determine b(c).
2
Let u = 1 - 3. Let s = 18 - 12. Let w(l) = 7 - s*l - 16 + 7. What is w(u)?
10
Let h(m) = 5*m. Let k be -46 - (-1 + 11)/5. Let t be k/(-32) + (-9)/2. Calculate h(t).
-15
Suppose 7*a = 415 + 40. Let o(j) = -65 - 2*j + a. Determine o(7).
-14
Let c(u) = 1 + u + 367*u**2 - 741*u**2 + 369*u**2. Suppose -4*i = -3*z + 6, 7 = 3*z - i + 1. Let f be z + -2 + (-2)/2. Determine c(f).
-5
Let t(y) = -4*y**3 - 2*y**2 - 10*y**3 + 19*y**3 + 2. Determine t(2).
34
Let j(t) = -2*t**3 - 3*t**2 + 2*t. Suppose 5*b + 19 = 2*m, 3*m - 7*b = -3*b + 11. What is j(m)?
21
Let f(i) = 2*i + 8. Let r = 82 + -89. What is f(r)?
-6
Let c(u) = -2 - 2 + 3*u - 4*u. Let z = -162 + 157. Calculate c(z).
1
Let o(y) = -2*y + 1. Suppose -2*u = -6*u + 72. Let i = u - 20. Determine o(i).
5
Suppose -5*d = -2*b - b + 10, -3*d = -12. Let w = -10 + b. Let h(r) be the second derivative of -r**4/12 - r**2 + 4*r. Calculate h(w).
-2
Let f(h) = -61 + 8*h - 6*h + 60. Suppose -j = -4*j - 3*t + 3, 11 = 2*j - t. Calculate f(j).
7
Suppose -18*j = -19*j. Let o(a) = 3*a - 3. Let l be o(3). Suppose m - l = -2*m, z + m + 4 = j. Let w(g) = 2*g + 9. Determine w(z).
-3
Let u(y) = -11*y + 8. Let p(o) = -3*o. Let n(c) = -3*p(c) + u(c). Let s(v) = 5*v**2 - 2*v - 1. Let g be s(-1). Calculate n(g).
-4
Let p(r) be the second derivative of -r**4/12 - r**3/3 + r. Suppose -58*t - 7 = -24 - 99. Give p(t).
-8
Let d(x) = -1 - 3 - 1 + 3*x. Let c be d(3). Suppose -5*q - v - 2*v = -22, c*q = v + 4. Let z(i) = -i + 1. What is z(q)?
-1
Let d = 121 + -119. Let a be 0*d/2 - (3 - 3). Let o(x) = x**2 + x + 15. What is o(a)?
15
Let w(r) be the third derivative of r**5/60 + 5*r**4/24 - r**3/6 + r**2. Suppose 3*s + 0*v + 21 = 3*v, -3*v + 31 = -5*s. Let y be (-2)/(-5)*3*s. Give w(y).
5
Suppose -4*i + q = -i + 10, 3*i = -3*q + 6. Let y(u) be the second derivative of 2/3*u**3 - 2*u + 1/12*u**4 + 0 + 0*u**2. Calculate y(i).
-4
Let g = -30 + 30. Suppose -2*s - 3 + 7 = -4*b, 4*s - 4*b - 20 = 0. Suppose o - s + 4 = g. Let t(u) = u**2 - 3*u. Give t(o).
4
Let k = -4 - -1. Let t(i) = 2*i**2 + 5*i + 8. Let o(p) = 4*p**2 + 11*p + 18. Let v(h) = -3*o(h) + 7*t(h). Calculate v(k).
14
Suppose 2 = 6*f - 4*f. Let k(t) be the second derivative of t**6/720 - 2*t**4/3 - 15*t. Let w(h) be the third derivative of k(h). Determine w(f).
1
Let k(a) = 19*a + 1. Let d(p) = 8*p + 1. Let l(s) = -2*d(s) + k(s). What is l(6)?
17
Let j(n) be the third derivative of -n**5/60 + n**4/6 - n**3 - 2*n**2. Suppose 0*w + 9*w = 27. Suppose w*h = 16 - 4. Give j(h).
-6
Let g = 4 + -11. Let k(d) be the second derivative of -d**5/20 - 7*d**4/12 + 9*d**2/2 - 3*d - 38. Give k(g).
9
Let n(h) = 2*h**2 + 21*h + 43. Let z be n(-7). Let g(p) = p**2 + 4*p - 9. Give g(z).
3
Let u(k) be the first derivative of 17*k - 4 + 1/2*k**2. Let d be u(-17). Let i(s) = s - 5. Give i(d).
-5
Let c(v) = 17 + 36*v + 32*v + 39*v + 38*v - 151*v. Determine c(3).
-1
Let k(f) = -f**3 - 6*f**2 - 2*f - 5. Let s be (4/(-12))/(0 - (-1)/183). Let h = s - -55. Determine k(h).
7
Let s(d) be the third derivative of 0 + d**3 + 0*d - 10*d**2 + 1/24*d**4. Determine s(-6).
0
Let r(d) be the first derivative of d**6/60 - d**5/60 - d**4/6 + d**3/2 - d**2 + 11. Let j(x) be the second der